{"id":126,"date":"2023-01-28T23:47:59","date_gmt":"2023-01-28T22:47:59","guid":{"rendered":"http:\/\/leonie-maray.fr\/?page_id=126"},"modified":"2023-01-28T23:47:59","modified_gmt":"2023-01-28T22:47:59","slug":"actualites","status":"publish","type":"page","link":"https:\/\/leonie-maray.fr\/?page_id=126","title":{"rendered":"Actualit\u00e9s"},"content":{"rendered":"\n<p>J&rsquo;ai d\u00e9cid\u00e9 de vous partager au fil du temps quelques actualit\u00e9s du monde \u00e9nerg\u00e9tique, ce qui peut parfois expliquer certains \u00e9tats d&rsquo;esprits dans certaines p\u00e9riodes.<br>Mis \u00e0 jour r\u00e9guli\u00e8rement<\/p>\n\n\n\n<div class=\"wp-block-cover alignfull\"><span aria-hidden=\"true\" class=\"wp-block-cover__background has-background-dim\"><\/span><img loading=\"lazy\" decoding=\"async\" width=\"1920\" height=\"1269\" class=\"wp-block-cover__image-background wp-image-116\" alt=\"\" src=\"https:\/\/leonie-maray.fr\/wp-content\/uploads\/2023\/01\/constellations-2609647_1920.jpg\" data-object-fit=\"cover\" srcset=\"https:\/\/leonie-maray.fr\/wp-content\/uploads\/2023\/01\/constellations-2609647_1920.jpg 1920w, https:\/\/leonie-maray.fr\/wp-content\/uploads\/2023\/01\/constellations-2609647_1920-600x397.jpg 600w, https:\/\/leonie-maray.fr\/wp-content\/uploads\/2023\/01\/constellations-2609647_1920-300x198.jpg 300w, https:\/\/leonie-maray.fr\/wp-content\/uploads\/2023\/01\/constellations-2609647_1920-1024x677.jpg 1024w, https:\/\/leonie-maray.fr\/wp-content\/uploads\/2023\/01\/constellations-2609647_1920-768x508.jpg 768w, https:\/\/leonie-maray.fr\/wp-content\/uploads\/2023\/01\/constellations-2609647_1920-1536x1015.jpg 1536w\" sizes=\"auto, (max-width: 1920px) 100vw, 1920px\" \/><div class=\"wp-block-cover__inner-container is-layout-flow wp-block-cover-is-layout-flow\">\n<p class=\"has-text-align-center has-x-large-font-size\"><strong>Ann\u00e9e 2023<\/strong><\/p>\n<\/div><\/div>\n\n\n\n<h2 class=\"alignfull has-text-align-center has-background wp-block-heading\" style=\"background-color:#d6b1f0\">Que nous r\u00e9serve cette ann\u00e9e?<\/h2>\n\n\n\n<p class=\"has-small-font-size\">Nous avons eu une ann\u00e9e compliqu\u00e9 en 2022 de suites du covid. Je vous rassure 2023 est une ann\u00e9e beaucoup plus spirituelle car elle vibre sur le chiffre 7. Elle apportera de r\u00e9els progr\u00e8s sur l&rsquo;\u00e9panouissement personnel. Elle aura toutefois son lot de petits soucis financiers pour de nombreux d&rsquo;entre nous. En effet, tout ceci est d\u00fb \u00e0 l&rsquo;environnement \u00e9conomique actuel qui risque de se prolonger post 2023. Mais rassurez vous, il y aura toujours quelque chose au terme de tout ceci. Suite \u00e0 cette crise, il y aura une p\u00e9riode de mieux. <\/p>\n\n\n\n<h2 class=\"alignfull has-text-align-center has-background wp-block-heading\" style=\"background-color:#788ed1\">La lune comme perturbateur du bien \u00eatre<\/h2>\n\n\n\n<p class=\"has-small-font-size\">La lune a un effet sur les mar\u00e9es mais pas que, elle agit sur les animaux et \u00e9galement sur nous les hommes.<br>N&rsquo;avez vous jamais eu un sommeil perturb\u00e9 lors de la nouvelle lune ou lors de la pleine lune? Parfois, elle peut avoir d&rsquo;autres effets sur nous, cela peut \u00eatre personne d\u00e9pendant, mais elle peut provoquer de l&rsquo;excitation, de l&rsquo;irritabilit\u00e9 et bien d&rsquo;autres affections.<br>Pour que vous puissiez confronter vos ressentis avec la lune je vous fait para\u00eetre juste dessous un calendrier lunaire, car certains d\u00e9sagr\u00e9ments ressentis peuvent \u00eatre en lien direct avec elle et non avec un autre \u00ab\u00a0souci\u00a0\u00bb.<\/p>\n\n\n\n<div class=\"wp-block-media-text alignwide is-stacked-on-mobile\"><figure class=\"wp-block-media-text__media\"><img loading=\"lazy\" decoding=\"async\" width=\"1024\" height=\"890\" src=\"https:\/\/leonie-maray.fr\/wp-content\/uploads\/2023\/01\/full-moon-1869760_1920-1-1024x890.jpg\" alt=\"\" class=\"wp-image-130 size-full\" srcset=\"https:\/\/leonie-maray.fr\/wp-content\/uploads\/2023\/01\/full-moon-1869760_1920-1-1024x890.jpg 1024w, https:\/\/leonie-maray.fr\/wp-content\/uploads\/2023\/01\/full-moon-1869760_1920-1-600x521.jpg 600w, https:\/\/leonie-maray.fr\/wp-content\/uploads\/2023\/01\/full-moon-1869760_1920-1-300x261.jpg 300w, https:\/\/leonie-maray.fr\/wp-content\/uploads\/2023\/01\/full-moon-1869760_1920-1-768x667.jpg 768w, https:\/\/leonie-maray.fr\/wp-content\/uploads\/2023\/01\/full-moon-1869760_1920-1-1536x1334.jpg 1536w, https:\/\/leonie-maray.fr\/wp-content\/uploads\/2023\/01\/full-moon-1869760_1920-1.jpg 1920w\" sizes=\"auto, (max-width: 1024px) 100vw, 1024px\" \/><\/figure><div class=\"wp-block-media-text__content\">\n<h2 class=\"wp-block-heading\">Calendrier pleine lune 2023<\/h2>\n\n\n\n<ul class=\"wp-block-list\">\n<li>micro pleine lune 7 Janvier \u00e0 00 h 09 (heure de Paris) en Cancer<\/li>\n\n\n\n<li>micro pleine lune 5 F\u00e9vrier \u00e0 19 h 30 en Lion<\/li>\n\n\n\n<li>7 Mars \u00e0 13 h 42 en Vierge<\/li>\n\n\n\n<li>6 Avril \u00e0 6 h 36 en Balance<\/li>\n\n\n\n<li>5 Mai \u00e0 19 h 35 en scorpion<\/li>\n\n\n\n<li>4 Juin \u00e0 5 h 33 en Sagittaire<\/li>\n\n\n\n<li>3 juillet \u00e0 13 h 40 en Capricorne<\/li>\n\n\n\n<li>Super lune 1 Ao\u00fbt \u00e0 20 h 33 en Verseau<\/li>\n\n\n\n<li>Super 31 Ao\u00fbt \u00e0 3 h 37 en Poisson<\/li>\n\n\n\n<li>23 Septembre \u00e0 11 h 59 en B\u00e9lier<\/li>\n\n\n\n<li>28 octobre \u00e0 22 h 25 en Taureau<\/li>\n\n\n\n<li>27 Novembre \u00e0 10 h 17 en G\u00e9meau<\/li>\n\n\n\n<li>27 D\u00e9cembre \u00e0 1 h 34 en Cancer<\/li>\n<\/ul>\n\n\n\n<p class=\"has-text-align-center has-small-font-size\">source pleine-lune.org<\/p>\n<\/div><\/div>\n\n\n\n<div class=\"wp-block-media-text alignwide has-media-on-the-right is-stacked-on-mobile\"><div class=\"wp-block-media-text__content\">\n<h2 class=\"wp-block-heading\">Calendrier nouvelle lune 2023<\/h2>\n\n\n\n<ul class=\"wp-block-list\">\n<li>Super nouvelle lune 21 Janvier \u00e0 21 h 54 (heure de Paris) en Verseau<\/li>\n\n\n\n<li>Super nouvelle lune 20 F\u00e9vrier \u00e0 8 h 07 en Poisson<\/li>\n\n\n\n<li>21 Mars \u00e0 18 h 24 en B\u00e9lier<\/li>\n\n\n\n<li>20 Avril \u00e0 6 h 14 en B\u00e9lier<\/li>\n\n\n\n<li>19 Mai \u00e0 17 h 54 en Taureau<\/li>\n\n\n\n<li>18 Juin \u00e0 6 h 38 en G\u00e9meau<\/li>\n\n\n\n<li>17 juillet \u00e0 20 h 33 en Cancer<\/li>\n\n\n\n<li>micro nouvelle lune16 Ao\u00fbt \u00e0 16 h 39 en Lion<\/li>\n\n\n\n<li>15 Septembre \u00e0 3 h 41 en Vierge<\/li>\n\n\n\n<li>14 octobre \u00e0 19 h 56 en Balance<\/li>\n\n\n\n<li>13 Novembre \u00e0 10 h 29 en Scorpion<\/li>\n\n\n\n<li> 13 D\u00e9cembre \u00e0 00 h 33 en Sagittaire <\/li>\n<\/ul>\n\n\n\n<p class=\"has-text-align-center has-small-font-size\">source pleine-lune.org<\/p>\n<\/div><figure class=\"wp-block-media-text__media\"><img loading=\"lazy\" decoding=\"async\" width=\"600\" height=\"553\" src=\"https:\/\/leonie-maray.fr\/wp-content\/uploads\/2023\/01\/nouvelle-lune.jpg\" alt=\"\" class=\"wp-image-111 size-full\" srcset=\"https:\/\/leonie-maray.fr\/wp-content\/uploads\/2023\/01\/nouvelle-lune.jpg 600w, https:\/\/leonie-maray.fr\/wp-content\/uploads\/2023\/01\/nouvelle-lune-300x277.jpg 300w\" sizes=\"auto, (max-width: 600px) 100vw, 600px\" \/><\/figure><\/div>\n","protected":false},"excerpt":{"rendered":"<p>J&rsquo;ai d\u00e9cid\u00e9 de vous partager au fil du temps quelques actualit\u00e9s du monde \u00e9nerg\u00e9tique, ce qui peut parfois expliquer certains \u00e9tats d&rsquo;esprits dans certaines p\u00e9riodes.Mis \u00e0 jour r\u00e9guli\u00e8rement Que nous r\u00e9serve cette ann\u00e9e? Nous avons eu une ann\u00e9e compliqu\u00e9 en 2022 de suites du covid. Je vous rassure 2023 est [&hellip;]<\/p>\n","protected":false},"author":1,"featured_media":0,"parent":0,"menu_order":0,"comment_status":"closed","ping_status":"closed","template":"","meta":{"footnotes":""},"class_list":["post-126","page","type-page","status-publish","hentry"],"_links":{"self":[{"href":"https:\/\/leonie-maray.fr\/index.php?rest_route=\/wp\/v2\/pages\/126","targetHints":{"allow":["GET"]}}],"collection":[{"href":"https:\/\/leonie-maray.fr\/index.php?rest_route=\/wp\/v2\/pages"}],"about":[{"href":"https:\/\/leonie-maray.fr\/index.php?rest_route=\/wp\/v2\/types\/page"}],"author":[{"embeddable":true,"href":"https:\/\/leonie-maray.fr\/index.php?rest_route=\/wp\/v2\/users\/1"}],"replies":[{"embeddable":true,"href":"https:\/\/leonie-maray.fr\/index.php?rest_route=%2Fwp%2Fv2%2Fcomments&post=126"}],"version-history":[{"count":9,"href":"https:\/\/leonie-maray.fr\/index.php?rest_route=\/wp\/v2\/pages\/126\/revisions"}],"predecessor-version":[{"id":136,"href":"https:\/\/leonie-maray.fr\/index.php?rest_route=\/wp\/v2\/pages\/126\/revisions\/136"}],"wp:attachment":[{"href":"https:\/\/leonie-maray.fr\/index.php?rest_route=%2Fwp%2Fv2%2Fmedia&parent=126"}],"curies":[{"name":"wp","href":"https:\/\/api.w.org\/{rel}","templated":true}]}}